17. Is z prime?
False
Is (-1 - -33187) + 22/(-44)*14 prime?
True
Suppose g + 4034032 = 5*p - 4723956, -5254788 = -3*p - g. Is p prime?
False
Let s(j) = -j**2 - 16*j - 36. Suppose -6*z - 3*p - 77 = -z, -p - 4 = 0. Let y be s(z). Suppose -5*d + d - x = -1992, 5*d - y*x = 2507. Is d composite?
False
Let x be 30/10*(-4)/16*-4. Suppose -6 = -3*g, 5*s + 2*g + 0*g = 44. Is x*(s/(-12) - -1) + 86 prime?
False
Suppose -5*n + 2749 = 3*h + h, 0 = 4*h + 2*n - 2746. Let f = 376 + -640. Let k = h + f. Is k composite?
True
Let b = 2124 + -1977. Let l be ((-1011)/6)/((-2)/8). Let c = l - b. Is c a prime number?
False
Suppose 0 = -5*v - 2*t + 420723, -18*v + 252409 = -15*v - 5*t. Is v a composite number?
False
Suppose 2794097 = 58*d - 843513 - 1037132. Is d composite?
False
Let i be (-1883)/(-6) - 4/(-24). Suppose 310*t - i*t + 4444 = 0. Is t a composite number?
True
Let n be (2 - -1) + (3 - 666/9). Let v = n - -70. Suppose -5*y = -5*j - 315, v*y + j = y + 71. Is y composite?
False
Suppose 2*f = 80 - 54. Suppose f*n - 17992 = -3471. Is n a prime number?
True
Let p = -170 + 176. Let s(d) = 62*d**3 - d**2 - 4*d + 35. Is s(p) a composite number?
False
Suppose -7*t - 2*a + 4*a = -2710573, -3*t + 1161693 = -4*a. Is t prime?
False
Suppose -4*n = 3*p - 33, -4*p + 51 = 4*n + 15. Suppose -3*o + n = 0, 3*o + 320 = 5*i - 29. Suppose -m + i = -18. Is m a prime number?
True
Suppose 0 = -l - 4*z + 153529, 3*l - 388576 = -5*z + 72018. Is l composite?
False
Let j be 42 + -2 + -3 + 3. Suppose j*s + 3409 = 47*s. Is s a composite number?
False
Let g(v) = v**3 + 9*v**2 + 7*v - 8. Let m be g(-8). Suppose m = r - 0*r. Suppose r = -q + 34 - 8. Is q a composite number?
True
Let x(y) = -y**2 - 10*y + 16190. Let p be x(0). Suppose -4*g + p = -13286. Is g composite?
False
Is (1 - 30/21 - 2038734/(-126)) + 3 a composite number?
False
Let s be 1/(35/10 - 3). Let n be s/6 + 8/3. Suppose -2*k = 5*p - 395, -59 + 375 = 4*p - n*k. Is p prime?
True
Let b = -77 + 181. Let q = 107 - b. Is 102/2*(3 - -3) - q prime?
False
Let l be 551 - (-2)/((-2)/(-4)*4). Suppose d - 76 = 4*o - l, o = -2*d + 128. Is 14/63 + o/27*40 composite?
True
Let u(j) = 38*j + 103. Let o(g) = -g**2 - 188*g - 513. Let n(d) = -2*o(d) - 11*u(d). Is n(45) composite?
False
Let n = 287032 - -50797. Is n a composite number?
True
Let n = 291574 - 114903. Is n a composite number?
True
Is (10*(-14)/(-700))/((-1)/(-2512555)) prime?
False
Let t(x) = -13*x - 13. Let n be t(4). Let s = 65 + n. Suppose -2*q - 7*a + 2*a + 2813 = s, 2*q - 2795 = a. Is q a prime number?
True
Suppose p - 1 = 3*b - 9, b - 10 = 4*p. Let z(v) = b - 3*v + 12*v + 2*v. Is z(27) prime?
False
Let q = 410459 + -898. Is q a composite number?
True
Let h be 86724/14 + (-6)/(-14). Suppose -12*a - h = -27*a. Is a a prime number?
False
Suppose 0 = -23*l + 10*l + 52. Suppose 0*g = 2*g. Suppose g = l*m - m - 339. Is m composite?
False
Let c(g) = -8*g**3 + 8*g**2 + 21*g - 32. Is c(-9) prime?
False
Suppose 0 = -5*a + 3 + 7. Let p(k) = 440*k**3 - 2*k**2 + k - 3. Is p(a) a composite number?
False
Suppose -12*j + 357130 + 1607411 = -2052711. Is j a prime number?
True
Let r(j) = 42*j + 174. Let c be r(-4). Let x(o) = 63*o**2 - 9 - 2 + 0 - 6*o. Is x(c) composite?
False
Let n be -4 - (0 + 1 + -9). Suppose -y = -2*a + n*y + 754, -5*y - 377 = -a. Suppose 2*d - 386 = 4*p, p - 577 = -5*d + a. Is d a composite number?
False
Let y(v) = -v**3 - 15*v**2 + v + 30. Let x be y(-15). Suppose 12*n = x*n - 17337. Is n composite?
False
Let t(f) = f**3 + 115*f**2 + 46*f + 75. Is t(-37) a prime number?
False
Let p(u) = u**3 - 5*u**2 + 5*u - 4. Let o be p(5). Let q(x) = 20*x**2 + 11 + 4*x**3 + 3*x - 3*x**3 - 41*x**2. Is q(o) prime?
False
Let u(n) = 541*n**2 - 7*n - 1. Let g be -2 + (-102)/(-27) + (-6)/(-27). Let l be (-7)/g + 1/2. Is u(l) a composite number?
False
Let m(u) = -u**3 + 10*u**2 - 7*u + 5. Let w(v) = 16*v. Let z be w(-3). Let q = -41 - z. Is m(q) a composite number?
False
Let a(b) = -45127*b - 1655. Is a(-4) a prime number?
True
Suppose 283*f - 282*f - 31236 = 0. Suppose 19*i = 31*i - f. Is i a composite number?
True
Suppose -169*n + 15588 = -151*n. Let i(x) = -2*x - 3. Let w be i(-4). Suppose -2*h + 2*j + n = 0, -w*j + j - 858 = -2*h. Is h a prime number?
False
Let u(l) = 8*l**2 + 5*l - 291. Is u(12) prime?
False
Let h = -3857 - -22074. Is h a prime number?
True
Let o = -88 + 98. Suppose -3*p - o = 2*p, -2*c = 3*p - 9618. Suppose -2371 = -2*g + 4*v + v, 4*g + 4*v = c. Is g prime?
False
Let v(j) = 403*j**2 + 54*j + 187. Is v(-20) a composite number?
True
Let a = 71 + -68. Let o be 7154/a - (-6 + 120/18). Suppose -o - 549 = -7*w. Is w prime?
True
Let h = 20979 + -14476. Is h composite?
True
Let p(r) = -r**3 - 5*r**2 + 17*r + 9. Let o be p(-7). Let x(g) = 10*g**2 + 28*g - 8. Let d be x(o). Suppose -5*f = -d + 141. Is f a prime number?
True
Let o(u) = u**2 + 130*u + 1653. Is o(124) a prime number?
True
Suppose 17*h - 494406 = -5*h. Suppose -27562 = -5*m + h. Is m a composite number?
False
Let d be (-8454)/7 - (6/(-7))/(-3). Let x be 1*-5234*2/4. Let l = d - x. Is l a composite number?
False
Suppose 0 = -5*d - 2*j + j + 15, 4*d - 13 = -j. Is (-18423)/(-46)*d/3 composite?
True
Let x(z) = z**3 - 21*z**2 + 17*z + 19. Let h = 193 + -171. Is x(h) a prime number?
True
Let w = -4399 + 4408. Suppose -3*x = 2*x + 5, 18 = 5*m + 2*x. Suppose w*o - 665 = m*o. Is o prime?
False
Let f be 1/(-2) + (-4)/(-8)*-13939. Let h = f + 14783. Is 4/6 - h/(-39) a composite number?
True
Let j = -183 - -346. Suppose 213 + j = 8*n. Suppose -n - 44 = -q. Is q a prime number?
False
Suppose -3*w = 3*j - 355989, -5*w + 3*j - 28639 + 621930 = 0. Suppose 6*s - w = -14*s. Is s a composite number?
True
Let h = -132384 + 417698. Is h prime?
False
Let i = -1392 + 701. Is (-4)/6*12 - i a composite number?
False
Suppose 0 = 25*u - 17417436 + 309217 - 24166956. Is u a composite number?
False
Let o be 807 + (-7)/((-35)/(-25)). Let p be (o - (-3 + 2))*18. Suppose p - 4716 = 18*n. Is n a composite number?
False
Suppose -6*x = 2*x - 24. Suppose 3*q = -3*a - 4590, 0 = -x*q - 2*a - 2292 - 2297. Let n = -958 - q. Is n a composite number?
False
Let v be (-1 + 10 + -10)/(3/7593). Let w = v + 26334. Is w a composite number?
True
Let m = 3906 - 2698. Let u = m - 453. Is u a prime number?
False
Let j(m) = 2*m**3 - 35*m**2 - 26*m - 24. Let o be j(19). Suppose 0 = -8*z + 8979 + o. Is z a prime number?
True
Is 302/8305 - 2668926/(-110) prime?
False
Let d(r) be the second derivative of -5/2*r**2 + 0 + 23/12*r**4 - 1/6*r**3 + 4*r. Is d(10) prime?
False
Suppose 513 = 37*c - 18*c. Suppose c*v + 4*g - 19221 = 24*v, 2*g = -5*v + 32021. Is v prime?
False
Is (9/((-27)/(-21)) - 4)/(3/100787) a prime number?
True
Suppose -3*w = -31*w + 2*w + 98722. Is w a prime number?
True
Let r = -57 - -57. Suppose 18*h - 5*h = r. Suppose h = -9*w + w + 22216. Is w a prime number?
True
Let g = 1260 - 725. Suppose 2*i + g = 3045. Is i composite?
True
Let u(m) = -3 + 0 - 2 + 4. Let p(l) = -3*l**3 + 9*l**2 - 36*l - 16. Let n(j) = p(j) - 5*u(j). Is n(-10) a prime number?
False
Suppose 5*h - 6*w = -w - 255, w = 4*h + 189. Let f be h/253 - (-599168)/(-11). Is f/(-20) + 10/(-4) a composite number?
True
Let h = 50 + -44. Suppose -2*o + h = -0*o. Suppose -4*t + 2069 = -o*l - 10826, 5*t - 16111 = -4*l. Is t a composite number?
True
Let c(a) = 301*a**3 + 3*a**2 + 4*a + 1. Let n be c(3). Suppose 5*o - n = 38128. Let s = 14298 - o. Is s composite?
False
Is ((-300)/(-80))/(-15)*-713156*1 prime?
True
Is 228826*(-9)/(-8) + (225/60)/(-15) a composite number?
True
Suppose -j + 2*j - 10889 = 5*h, 0 = -5*h + 3*j - 10897. Let q = -4507 + h. Is (2/6)/((-4)/q) a prime number?
True
Let g = 4748 - 2505. Is g a prime number?
True
Let v be -3*((-2)/(-1) + -3). Suppose 2*z - v*z + 2*m = -4, 0 = -4*z - 2*m + 6. Suppose -463 = -z*w + 1811. Is w a composite number?
True
Let n = 116 + -109. Suppose n*p + 8 - 43 = 0. Suppose -5*j - 3*q = -5447, p*j + 2*q - 5961 = -518. Is j prime?
True
Suppose -146981 = -q - 2*y, 5*q - 1469677 = -5*q - y. Is q a prime number?
False
Let m(r) be the second derivative of 7*r**5/20 + 5*r**4/12 - 5*r**3/3 + 15*r**2/2 - 7*r + 3. Is m(3) prime?
False
Let r(p) be the second derivative of 5*p**4/6 - 4*p**3/3 + 5*p**2/2 + 243*p - 1. Let m = -9 + 18. Is r(m) prime?
True
Suppose -5*